der when 130 is divided by u.
10
Suppose 8*y = -3*y - 16*y + 2916. Calculate the remainder when y is divided by 11.
9
Let s be (1506*10/180)/((-2)/(-6)). Let l = s + -226. What is the remainder when 249 is divided by l?
24
Let o be 84*((-2)/7)/((-24)/798). Let g = o - 792. Let d = -125 + 184. What is the remainder when d is divided by g?
5
Suppose -4*y = 8*y - 180. Suppose 122 = -y*l + 407. What is the remainder when 93 is divided by l?
17
Let i = -118382 - -118469. Let x = -24 + 50. Calculate the remainder when i is divided by x.
9
Suppose -5*i + 3*f + 123 = 7*f, -4*i = -5*f - 82. Let s = 398 + -314. Suppose 0 = -288*v + 295*v - s. What is the remainder when i is divided by v?
11
Let v(b) = 6*b**2 - 19 - 13 + 50 - 8 - 12*b + 24*b**3. Calculate the remainder when v(2) is divided by 3.
1
Let i(x) be the second derivative of x**5/4 - 17*x**4/6 - 2*x**3/3 + 11*x**2/2 - 17*x + 1. Calculate the remainder when i(7) is divided by 11.
10
Suppose -5*k - 5*o = -601 - 124, 4*k - 5*o - 526 = 0. What is the remainder when 549 is divided by k?
132
Suppose 2*d - 13 = 143. Suppose -3*q + 18 = -10*n + 6*n, 4*q = -3*n + 49. Calculate the remainder when d is divided by -10 + (-4048)/(-80) + 4/q.
37
Let n be (-180 + 0)*168/140. Let d = -194 - n. What is the remainder when 283 is divided by d?
19
Suppose 45*g = 101*g - 194656. What is the remainder when g is divided by 37?
35
Let a = -10 + 10. Suppose l = 3*i - 0*l - 99, 3*i + l - 99 = a. Calculate the remainder when (3*(-2)/3)/((-1)/i) is divided by 10.
6
Suppose -t - 77*t = -92742. Calculate the remainder when t is divided by 395.
4
Let m be 86*(1/(-2))/(5/25). Let t = -177 - m. Calculate the remainder when (-13 + 5)*(-74)/8 is divided by t.
36
Suppose -2*f + 0 = -22. What is the remainder when 67 is divided by (-1 + f)*(-2)/(-20)*12?
7
Let d(m) = 7*m**2 - 707*m + 5855. Suppose 0 = 5*q - 4*t - 14, 2 = -q + 5*t - 3*t. Calculate the remainder when d(92) is divided by q.
5
Let c = -1003 - -1032. Suppose -3*z + 11 = -2*z. What is the remainder when c is divided by z?
7
Let p(x) = 38*x**3 + x**2 - 2. What is the remainder when 2293 is divided by p(1)?
36
Suppose -90 = 47*y - 49*y. Suppose -3*g + 42 = 3*u, 5*g - y = 3*u + 1. Suppose -g - 7 = -2*d. What is the remainder when d is divided by 3?
0
What is the remainder when 200 is divided by ((-6)/(-2))/(21/(-2))*-686?
4
What is the remainder when 5101 is divided by 266 + (-104)/8 + -10?
241
Suppose 0 = 5*x - 46*s + 42*s - 65, -7 = -x + 2*s. What is the remainder when 519 is divided by x?
9
Let m(n) = 1057*n - 3036. Calculate the remainder when 1092 is divided by m(3).
12
Suppose -15*z + 2163 = 6*z. Suppose 140*g + 532 = 154*g. What is the remainder when z is divided by g?
27
Let r = 539 + -537. Suppose 0 = -r*n + 3*v + 3, 0 = 3*v - 5*v + 2. Calculate the remainder when 7 is divided by n.
1
Suppose 0 = -2*k - 5*w + 806, k - 2*w - 403 = 2*w. Suppose 4*t + 12 = -0*t, -5*t = -4*z + k. Calculate the remainder when z is divided by 25.
22
Suppose 2*m = 10, -40*m = -3*z - 44*m + 3560. What is the remainder when z is divided by 10?
0
Suppose 20*p = -39 - 241. What is the remainder when (-2262)/p - (-39)/91 is divided by 56?
50
Let w = 77 - 50. Suppose 0 = 5*d + y - 542, -2*d + 130*y + 207 = 129*y. Calculate the remainder when d is divided by w.
26
Suppose 4*z + 100 = 4*h, 33*z - 127 = -5*h + 36*z. Let x(m) = m**2 + 3*m - 7. What is the remainder when h is divided by x(3)?
4
Let n(d) = -d**3 - 22*d**2 - 21*d + 12. Let m be n(-21). Let a = 33 - m. What is the remainder when 1/(3*(-1)/(-243)) is divided by a?
18
Let d(b) = -32*b - 822. What is the remainder when 1947 is divided by d(-26)?
7
What is the remainder when 121 is divided by (-5 + -50 + 6)/((2 - 1)/(-1))?
23
Suppose -7*z - 4*p + 28 = -3*z, 0 = 5*z - 2*p - 28. Let v be 0/(6*-1 + 2). Let b = v + 4. Calculate the remainder when z is divided by b.
2
Let i(d) = -232*d**2 - 2171*d + 2. What is the remainder when i(-9) is divided by 15?
14
Suppose 0*f = -0*f - 2*f. Suppose -8 = -4*l + 3*r - 1, f = l - 5*r + 11. Suppose -5*h + 2 = -73. Calculate the remainder when h is divided by l.
3
Let t(q) = -3*q**2 - 94*q - 10. Let d be t(-31). Suppose 126 - d = 5*s. Calculate the remainder when 45 is divided by s.
3
Suppose -5*r + 0*r - 3*y = -67, 0 = -5*r + 3*y + 73. Let s = 335991 - 335913. Calculate the remainder when s is divided by r.
8
Suppose -c - 2*o + 4*o + 4 = 0, 3*o - 21 = -3*c. Let y = c + 35. Suppose -8*l + y + 103 = 0. Calculate the remainder when 49 is divided by l.
13
Let x(w) = 79*w**3 + 38*w - 85. Calculate the remainder when x(2) is divided by 122.
13
Let o(f) = f**2 - f - 15. Let a = 83 + -93. Let x be o(a). Suppose 3*t = -2*t + x. What is the remainder when 35 is divided by t?
16
What is the remainder when (-45657)/(-36) + ((-85)/20 - -4) is divided by 416?
20
Suppose 0 = -15*g + 20*g. Suppose 5*f = 2*k + 16, g*f + 2 = 3*f - 5*k. Let i = -2 + f. Calculate the remainder when i is divided by 1.
0
Suppose -2*s - 4*t = -28, -4*s - 18 = -5*s - 3*t. Suppose -481 = -4*j - 3*y, y - s = -3. Calculate the remainder when j is divided by 24.
22
Suppose 2*c = -3*u + 23, -11*c + 7*c + 3*u + 19 = 0. Calculate the remainder when 160/48*(-54)/(-15) is divided by c.
5
Calculate the remainder when ((-52625)/(-150)*(-3)/(-10))/((-5)/(-40)) is divided by 77.
72
Let g be ((-2)/(-5) - (-162)/(-30))/(-1). Let r(s) = -g*s**2 + s**3 + 16*s**2 - 6 - 13*s + 9. Calculate the remainder when 47 is divided by r(-12).
2
Let i = 148 + -69. What is the remainder when i is divided by (-272)/(-24) - (-8)/(-6)?
9
Let n(g) = 3*g**3 - 2*g + 4. Let i be 10/((-120)/(-18))*(-3 + 1). Let r be n(i). Let p = -60 - r. What is the remainder when 54 is divided by p?
10
Let t = -13 - -14. Calculate the remainder when 83 is divided by 17*(2/t - 1)/1.
15
Let h be 15/4 + (-5)/(-20). Suppose 9*w - 22 = -h. What is the remainder when 44 is divided by 1 + (5/w)/((-2)/(-12))?
12
What is the remainder when 148 is divided by 3520/70 + 198/42 + -5?
48
Let p(x) = x**3 + 2*x**2 + 5*x + 60. What is the remainder when 1737 is divided by p(0)?
57
Let r(g) = -1975*g**2 + 1952*g**2 + 20 + g**3 - 2. Calculate the remainder when 65 is divided by r(23).
11
Calculate the remainder when (-240 - -251)/((-1)/(-27)) is divided by (2 + 6)/(8/20).
17
Suppose -225*r = -247*r + 1936. What is the remainder when 798 is divided by r?
6
Let p(f) = 2*f**3 - 11*f - 10. Suppose -5*o - 7*x + 30 = -2*x, -4*o + 24 = -3*x. Calculate the remainder when p(o) is divided by 21.
20
Let z(g) = g**3 - 8*g**2 + 7*g + 5. Let a be z(6). Let t = a + 58. Calculate the remainder when 97 is divided by t.
31
Let u(q) = 37*q - 29. Let g(t) = -24*t + 20. Let s(k) = -8*g(k) - 5*u(k). Let a be ((-6)/4)/(6/(-20)). Calculate the remainder when 137 is divided by s(a).
17
Suppose -x + 4*m - 5 = 0, 3*x - 5*x = -2*m + 4. Let c be (54/(-45))/((-166)/(-170) + x). Let j = 67 - c. What is the remainder when 47 is divided by j?
15
Suppose -4*q = -5*r - 135 + 329, 0 = -4*r - 3*q + 149. Calculate the remainder when 71 is divided by r.
33
Suppose -11350 = -326*h + 31*h + 29655. Suppose -4*b - 30 = -218. What is the remainder when h is divided by b?
45
Suppose 0 = -26*r + 4024 - 956. Calculate the remainder when r is divided by 12.
10
Suppose -11478*t - 920 = -11501*t. Let a(r) = r**2 - 7*r - 7. What is the remainder when t is divided by a(10)?
17
Let b = -4 - 806. Let k = -742 - b. What is the remainder when k is divided by 26?
16
Let g(r) = -43*r**2 - 2*r - 8. Let m be g(-4). Let l = -305 - m. What is the remainder when l is divided by 55?
53
Let t be (303 - 2/((-6)/(-9))) + 3. Suppose 585 = 6*m - t. What is the remainder when m is divided by 51?
46
Let g = 1346 - 1035. Calculate the remainder when g is divided by 153.
5
Suppose 0 = 5*m - 4*g - 61, -5 = -6*g + g. Let t be (-16)/88 - (-1 + (-8752)/(-22)). Let v = -308 - t. Calculate the remainder when v is divided by m.
11
Let w(c) = -21*c**3 + 4*c + 2. Let b = 137 - 138. What is the remainder when 33 is divided by w(b)?
14
Let s = 3168 - 976. What is the remainder when s is divided by 220?
212
Let u(g) = 4*g**2 + 6*g - 19. Let y(p) = -6*p**2 - 8*p + 28. Let a(i) = -7*u(i) - 5*y(i). Let l = -9 + 6. Calculate the remainder when 66 is divided by a(l).
15
Suppose -439 = 17*u - 99. What is